*t**2 - 63*t - 66. Determine o(10).
104
Let g(u) = 3*u**2 - 1825*u + 6. Determine g(0).
6
Let n(k) = k**3 - 116*k**2 + 1733*k + 2328. Give n(19).
238
Let i(j) = -24*j**3 - 89*j**2 - 16*j - 27. Calculate i(-3).
-132
Let i(k) = -k**3 + 96*k**2 + 7895*k + 305. What is i(149)?
7
Let z(k) = -67275*k + 336387. What is z(5)?
12
Let m(r) = -r**3 - 666*r**2 + 113. Calculate m(-666).
113
Let s(d) = -d**3 - 5*d**2 - 18*d - 104. What is s(-7)?
120
Let a(n) = -95*n**3 + 87*n**2 - 4*n. Calculate a(1).
-12
Let z(v) = v**3 - 45*v**2 - 99*v - 382. Give z(47).
-617
Let f(t) = -3*t**3 - 192*t**2 - 2210*t - 249. Calculate f(-49).
-4
Let t(h) = -61*h + 45. Determine t(-2).
167
Let d(j) = 5*j**2 - 418*j + 6046. Give d(18).
142
Let i(m) = -m**3 - 455*m**2 + 19848*m - 1925. Determine i(40).
-5
Let x(u) = 127*u**2 - 17*u + 7. Give x(1).
117
Let c(m) = -470*m**2 - 948*m + 7081. Determine c(3).
7
Let d(h) = h**3 + 74*h**2 - 923*h + 1026. Calculate d(-85).
6
Let z(p) = -235*p - 15528. What is z(-68)?
452
Let n(s) = -26*s**2 - 13431*s - 40187. What is n(-3)?
-128
Let h(n) = -n**2 - 179*n + 1368. Determine h(7).
66
Let k(w) = 7349*w + 499715. Give k(-68).
-17
Let q(p) = 10637*p + 158996. What is q(-15)?
-559
Let n(l) = -1840*l**2 + 2759*l - 2761. What is n(1)?
-1842
Let k(n) = 19053*n - 2534041. What is k(133)?
8
Let c(p) = 73*p**3 - 873*p**2 - 16*p - 49. Give c(12).
191
Let n(d) = -2*d**3 + 180*d**2 - 5209*d + 56502. What is n(48)?
6
Let q(c) = 17*c**3 + 160*c**2 + 319*c + 5. What is q(-2)?
-129
Let t(y) = 67*y**2 - 139*y + 83. What is t(2)?
73
Let a(t) = -t**3 + 22*t**2 - 890*t + 18236. Give a(21).
-13
Let z(k) = -k**2 - 161*k - 675. Determine z(-6).
255
Let w(n) = -624*n - 155414. What is w(-249)?
-38
Let x(o) = -984*o - 10. Give x(1).
-994
Let a(i) = -2*i**2 + 1821436*i + 29143494. Determine a(-16).
6
Let n(d) = 100*d**2 + 2356*d - 741. Give n(-24).
315
Let j(t) = -t**3 + 434*t**2 - 1993*t + 1082. Determine j(4).
-10
Let r(i) = -300*i + 3070. What is r(10)?
70
Let i(h) = 30*h**2 + 3950*h + 2335. Determine i(-131).
-285
Let t(a) = -422*a - 7616. What is t(-18)?
-20
Let w(k) = -5*k**2 - 120*k - 668. Calculate w(-17).
-73
Let w(u) = -7*u**3 - 105*u**2 + 373*u + 5592. What is w(-15)?
-3
Let p(x) = 3482*x + 62684. Determine p(-18).
8
Let n(u) = 2*u**2 + 1682*u + 90818. Give n(-58).
-10
Let p(w) = -w**3 - 574*w**2 + 471*w - 59959. Give p(-575).
-159
Let x(s) = -s**3 + 3*s**2 + 232*s + 293. Calculate x(-15).
863
Let g(h) = h**3 + 45*h**2 + 912*h + 44168. Determine g(-46).
100
Let p(m) = -m**3 + 4*m**2 + 4025*m + 8040. Determine p(-2).
14
Let p(y) = -3*y**2 - 1364*y + 60575. Determine p(-495).
680
Let m(h) = -h**3 + 185*h**2 - 674*h - 9047. What is m(181)?
3
Let t(z) = -274*z + 43573. Calculate t(159).
7
Let s(d) = -d**3 - 197*d**2 - 7082*d + 10413. Determine s(-149).
-17
Let d(g) = 8243*g + 347692. Calculate d(-42).
1486
Let o(k) = -18*k - 1016. Determine o(-60).
64
Let a(y) = 5929*y - 94849. What is a(16)?
15
Let w(b) = -b**3 + 18*b**2 - 20*b - 317. Determine w(15).
58
Let t(v) = -v**3 + 20*v**2 + 111*v - 33. Calculate t(-9).
1317
Let v(u) = -1390*u**3 - 78*u**2 - 80*u - 5. Give v(-1).
1387
Let o(g) = -175*g + 7620. Give o(37).
1145
Let t(d) = 3*d**2 - 656*d - 11906. Give t(-18).
874
Let r(h) = -1316*h + 35301. Calculate r(27).
-231
Let w(a) = -75*a**2 + 4359*a - 411. What is w(58)?
111
Let j(q) = -1511*q + 6014. What is j(4)?
-30
Let m(a) = -a**3 - 15*a**2 + 1256*a - 4756. What is m(4)?
-36
Let k(h) = 41319*h - 743746. What is k(18)?
-4
Let c(d) = -3*d**3 + 7*d**2 - 1522*d + 3045. Give c(2).
5
Let f(c) = -363*c + 47378. Give f(135).
-1627
Let v(q) = 139861*q - 2937078. What is v(21)?
3
Let m(b) = b**3 - 819*b**2 + 202*b + 503799. Determine m(818).
-89
Let t(d) = -d**3 - 13*d**2 + 245*d - 2621. Give t(14).
-4483
Let r(q) = 19088*q + 1183366. Give r(-62).
-90
Let i(x) = 20*x**2 + 571*x + 3176. What is i(-21)?
5
Let a(f) = -15532*f - 2034690. Give a(-131).
2
Let x(s) = 83476*s + 1669495. What is x(-20)?
-25
Let g(r) = -2*r**3 - 314*r**2 + 75*r + 11329. What is g(-157)?
-446
Let l(j) = -119058*j + 4762326. Calculate l(40).
6
Let p(m) = 2*m**3 + 15*m**2 - 83*m - 715. Give p(-8).
-115
Let s(x) = 65179*x + 2150902. Determine s(-33).
-5
Let d(x) = -3*x**3 - 122*x**2 - 435*x - 4. Calculate d(-4).
-24
Let q(h) = h**3 - 70*h**2 + 945*h - 1796. What is q(15)?
4
Let g(c) = -28748*c + 118072. Calculate g(4).
3080
Let h(i) = -i**2 - 2097*i - 61996. Determine h(-29).
-2024
Let i(k) = 3*k**2 + 3314*k - 964986. Determine i(-1344).
6
Let c(i) = -i**3 - 16*i**2 + 445*i + 7645. Determine c(-17).
369
Let r(g) = -g**3 + 7*g**2 - 124*g + 889. Calculate r(18).
-4907
Let f(r) = 5*r**3 + 678*r**2 - 280*r + 94. Calculate f(-136).
1182
Let s(v) = v**3 + 3*v**2 - 3588*v - 25073. What is s(-7)?
-153
Let k(x) = -x**3 + 67*x**2 + 329*x - 3428. Calculate k(71).
-233
Let i(t) = t**3 + 29*t**2 + 51*t + 839. Determine i(-26).
1541
Let r(v) = -20400*v - 26785193. Calculate r(-1313).
7
Let n(l) = 1308*l + 221026. Calculate n(-169).
-26
Let x(f) = 4*f**2 + 7540*f - 22621. Determine x(3).
35
Let h(s) = 7879*s + 787835. Give h(-100).
-65
Let o(j) = -12*j**3 - 29*j**2 + 59*j - 3. Determine o(2).
-97
Let k(p) = -232*p**3 - 1052*p**2 + 548*p + 39. Determine k(-5).
-1
Let s(g) = -5*g**3 - 429*g**2 + 55*g - 2496. Calculate s(-86).
170
Let z(v) = 10*v**3 + 422*v**2 + 85*v - 71. Calculate z(-42).
-113
Let m(o) = o**3 + 74*o**2 - 914*o + 1756. Determine m(-85).
-29
Let y(c) = 5081*c + 25357. Give y(-5).
-48
Let m(c) = 10*c**3 - 13*c**2 + 24*c - 19. Give m(4).
509
Let z(l) = -l**3 + 53*l**2 + 282*l + 1054. Determine z(58).
590
Let d(q) = -3*q**2 + 2580*q - 5164. Determine d(2).
-16
Let f(p) = 1474*p - 110552. Calculate f(75).
-2
Let k(f) = 962*f - 10829. Determine k(14).
2639
Let o(m) = m**3 + 506*m**2 + 54785*m - 2847. Give o(-349).
-55
Let o(h) = 4*h**3 - 102*h**2 + 464*h + 30. What is o(6)?
6
Let f(k) = -238*k - 84383. Give f(-353).
-369
Let k(u) = 1368*u + 790767. Calculate k(-578).
63
Let o(a) = -2*a**3 + 32*a**2 + 58*a - 389. Calculate o(17).
19
Let h(p) = -2*p**2 - 7805*p - 163049. What is h(-21)?
-26
Let l(f) = -73*f**2 + 336*f + 228. Calculate l(9).
-2661
Let w(c) = 65*c + 1961. Give w(-24).
401
Let h(d) = d**2 + 33835*d - 406150. Calculate h(12).
14
Let r(q) = -673*q**2 - q + 4988. Give r(0).
4988
Let c(r) = -r**2 + 446*r - 47118. Give c(172).
10
Let r(n) = -7*n**3 + 490*n**2 - 13*n + 944. Give r(70).
34
Let x(j) = -173*j + 5904. Give x(37).
-497
Let l(c) = 355*c + 13159. Calculate l(-37).
24
Let v(n) = -47*n**2 - 38*n - 205. What is v(-5)?
-1190
Let a(j) = j**2 + 111*j - 1293. Calculate a(-120).
-213
Let g(n) = -211*n**2 - 4448*n - 348. Calculate g(-21).
9
Let z(q) = -746*q**2 + 32829*q + 78. What is z(44)?
298
Let y(r) = -r**3 - 32*r**2 - 72*r - 747. Determine y(-34).
4013
Let a(m) = 2*m**2 - 1132*m - 44776. Calculate a(-37).
-154
Let p(t) = 14825*t + 14454366. What is p(-975)?
-9
Let v(q) = -2*q**3 + 7*q**2 + 123*q + 69. Determine v(12).
-903
Let l(b) = b**3 - 13*b**2 - 12306*b - 16. Determine l(0).
-16
Let b(w) = -w**2 - 432*w + 7649. Calculate b(17).
16
Let n(u) = 1382*u - 63607. What is n(46)?
-35
Let h(u) = -12371*u - 37100. Calculate h(-3).
13
Let s(a) = -2*a**2 + 25041*a + 225421. Determine s(-9).
-110
Let u(n) = -n**3 + 95*n**2 - 85*n - 841. Calculate u(94).
5
Let y(b) = 87*b - 4677. What is y(19)?
-3024
Let f(a) = -11*a**2 - 90*a - 447. Determine f(-7).
-356
Let i(x) = 5*x**2 - 1378*x - 7545. Determine i(281).
42
Let i(y) = 10679*y - 85420. Determine i(8).
12
Let z(m) = -2*m**2 + 797*m - 11663. What is z(15)?
-158
Let o(z) = 220*z**2 + 889*z + 34. Determine o(-4).
-2
Let r(y) = -15*y**2 + 205*y + 88. Determine r(7).
788
Let n(w) = -372*w - 83787. Calculate n(-225).
-87
Let x(j) = 54*j + 1109. Calculate x(-37).
-889
Let c(y) = -2*y**3 - 18*y**2 - 10*y - 18. What is c(-4)?
-138
Let d(h) = 1387*h - 5963. Give d(3).
-1802
Let t(l) = -22*l**2 + 847*l - 7287. Determine t(13).
6
Let z(q) = 81*q**2 + 1765*q + 8861. Calculate z(-5).
2061
Let i(k) = -k**2 - 25*k + 86947. Calculate i(-307).
373
Let u(t) = 36*t**3 + 86*t**2 + 21*t + 27. Calculate u(-7).
-8254
Let n(s) = 44255*s - 88502. Give n(2).
8
Let a(z) = -189295*z + 567909. Give a(3).
24
Let t(c) = -58*c**3 + 864*c**2 + 91*c - 15. Give t(15).
0
Let w(z) 